
What is the highest common divisor of 25086 and 111?
111
What is the highest common divisor of 2 and 18505?
1
Calculate the highest common divisor of 648 and 19062.
54
What is the highest common divisor of 4760 and 1064?
56
What is the highest common factor of 5930 and 3510?
10
Calculate the greatest common factor of 42 and 32826.
6
What is the greatest common factor of 74431 and 112?
7
Calculate the greatest common factor of 59136 and 88.
88
What is the greatest common factor of 549878 and 434?
434
What is the greatest common divisor of 1096 and 180?
4
Calculate the highest common divisor of 1635 and 85.
5
What is the greatest common divisor of 1988 and 69012?
284
What is the highest common divisor of 801 and 2547?
9
What is the greatest common factor of 549900 and 390?
390
What is the greatest common divisor of 13610 and 670?
10
Calculate the highest common factor of 25754 and 1106.
158
What is the highest common divisor of 1525200 and 768?
48
Calculate the highest common factor of 561 and 1582768.
187
What is the greatest common divisor of 2378 and 18163?
41
Calculate the greatest common factor of 162 and 6319701.
81
Calculate the highest common factor of 180312 and 15576.
264
What is the highest common factor of 672 and 38616?
24
What is the highest common divisor of 10 and 832070?
10
Calculate the greatest common factor of 1276306 and 38.
38
Calculate the highest common divisor of 6169 and 1592.
199
What is the greatest common factor of 12275 and 845?
5
What is the greatest common factor of 441902 and 475?
19
Calculate the highest common divisor of 6552 and 4608.
72
What is the greatest common factor of 26 and 9308?
26
Calculate the highest common factor of 191793 and 21.
21
What is the highest common factor of 188 and 20586?
94
Calculate the highest common divisor of 1810 and 1280.
10
What is the greatest common factor of 223121 and 347?
347
Calculate the greatest common factor of 77835 and 15.
15
What is the highest common divisor of 227909 and 187?
11
What is the greatest common divisor of 107793 and 118?
59
Calculate the greatest common factor of 93552 and 96.
48
What is the highest common factor of 1512 and 13797?
189
Calculate the highest common divisor of 196 and 160202.
14
Calculate the highest common divisor of 8 and 3042328.
8
What is the greatest common factor of 80 and 24910?
10
What is the greatest common factor of 182 and 210119?
91
Calculate the highest common factor of 209037 and 177.
177
Calculate the highest common divisor of 259 and 68413.
37
What is the greatest common factor of 135457 and 518?
259
What is the greatest common divisor of 177 and 11634?
3
Calculate the greatest common factor of 21549 and 231.
33
Calculate the highest common divisor of 740 and 35964.
148
What is the highest common divisor of 132 and 6112?
4
What is the highest common divisor of 205797 and 1086?
543
Calculate the greatest common divisor of 8440 and 216.
8
What is the highest common divisor of 484 and 3365252?
484
What is the highest common factor of 92 and 49197?
23
Calculate the highest common divisor of 14 and 1660799.
7
Calculate the greatest common divisor of 8757 and 14.
7
What is the greatest common factor of 1639 and 507792?
149
Calculate the greatest common divisor of 646 and 43299.
17
What is the greatest common factor of 4180 and 10615?
55
What is the greatest common factor of 231 and 30639?
21
What is the highest common divisor of 6104 and 2011704?
872
What is the greatest common divisor of 18996 and 6276?
12
What is the highest common divisor of 602 and 301?
301
Calculate the highest common factor of 167 and 110053.
167
What is the greatest common factor of 39160 and 275?
55
Calculate the greatest common divisor of 184 and 85192.
184
What is the greatest common divisor of 671 and 44774?
61
What is the greatest common divisor of 108 and 187542?
54
What is the highest common factor of 10 and 5770?
10
Calculate the highest common divisor of 1408 and 86592.
704
Calculate the greatest common divisor of 66660 and 1716.
132
What is the greatest common divisor of 91 and 86294?
13
What is the greatest common divisor of 2 and 22336?
2
Calculate the greatest common factor of 23280 and 138240.
240
Calculate the greatest common divisor of 720 and 9861840.
720
Calculate the greatest common divisor of 2285 and 53012.
457
What is the highest common divisor of 83968 and 130544?
656
What is the greatest common divisor of 2499 and 2058?
147
Calculate the highest common divisor of 37 and 186184.
37
Calculate the greatest common factor of 430 and 99932.
86
What is the highest common factor of 3357 and 18?
9
Calculate the highest common factor of 13224 and 282264.
456
Calculate the highest common factor of 11550 and 473.
11
What is the highest common divisor of 1470 and 369480?
30
What is the greatest common divisor of 310 and 520?
10
What is the greatest common factor of 7316624 and 112?
112
Calculate the highest common divisor of 5245296 and 14.
14
Calculate the greatest common divisor of 450 and 154125.
225
What is the highest common divisor of 216339 and 37?
37
Calculate the greatest common divisor of 147 and 1393.
7
What is the highest common divisor of 2880 and 558?
18
Calculate the greatest common factor of 9407 and 30675.
409
Calculate the highest common divisor of 1649916 and 540.
108
Calculate the greatest common divisor of 42225 and 44477.
563
Calculate the highest common factor of 770023 and 346.
173
Calculate the greatest common divisor of 531 and 325071.
9
Calculate the greatest common factor of 884 and 8008.
52
Calculate the highest common divisor of 3752 and 1004598.
938
What is the greatest common factor of 99202 and 2570?
514
Calculate the greatest common factor of 39 and 74742.
3
Calculate the highest common factor of 104284 and 372.
124
Calculate the highest common divisor of 122 and 1626.
2
What is the greatest common factor of 410 and 349730?
410
Calculate the highest common divisor of 957700 and 50.
50
What is the highest common factor of 48 and 444336?
48
What is the highest common factor of 930 and 17850?
30
Calculate the greatest common divisor of 227780 and 20.
20
What is the greatest common divisor of 72696 and 169?
13
Calculate the greatest common factor of 1380 and 30190.
10
What is the highest common divisor of 42392 and 616?
56
What is the highest common factor of 71131 and 5999?
857
What is the greatest common factor of 56 and 275443?
7
What is the highest common factor of 3724 and 49476?
532
Calculate the highest common factor of 444 and 1143374.
74
What is the highest common factor of 35161 and 7?
7
What is the highest common factor of 96 and 154608?
48
Calculate the highest common factor of 4500 and 7840.
20
Calculate the highest common divisor of 1475 and 236.
59
Calculate the greatest common factor of 185560 and 1000.
40
What is the greatest common divisor of 1038 and 1457006?
346
Calculate the highest common factor of 92061 and 15264.
477
Calculate the greatest common divisor of 59210 and 310.
310
Calculate the greatest common divisor of 31200 and 546.
78
Calculate the greatest common divisor of 82 and 4741363.
41
What is the highest common factor of 7216 and 67117?
41
What is the greatest common divisor of 1363 and 7685?
29
Calculate the highest common factor of 319 and 792.
11
Calculate the highest common factor of 36 and 2947428.
36
What is the highest common divisor of 225 and 716225?
25
What is the greatest common factor of 2368 and 185?
37
Calculate the highest common factor of 2526 and 6.
6
What is the greatest common factor of 1515683 and 62?
31
Calculate the highest common factor of 15617 and 253.
23
What is the highest common factor of 280 and 27482?
14
Calculate the highest common factor of 186 and 4408572.
186
What is the greatest common factor of 1088 and 11798?
34
What is the greatest common divisor of 6237 and 5643?
297
Calculate the greatest common factor of 4202 and 496982.
382
Calculate the highest common factor of 1440 and 5535360.
1440
Calculate the greatest common factor of 38 and 236930.
38
Calculate the highest common factor of 962 and 407296.
74
What is the highest common factor of 1921827 and 321?
321
What is the greatest common divisor of 3835 and 4940?
65
What is the highest com